mmon divisor of r and 4?
2
Suppose -4*y + 44 = w, -6 = -2*y + y + w. Let u be (-9)/(-6)*(-2)/(-1) - 0. Let c = 2 + u. Calculate the greatest common factor of c and y.
5
Suppose 0*z - 78 = 3*z. Let d = 2 - z. Let j be d/(-3)*(-27)/6. Calculate the highest common divisor of 6 and j.
6
Let i(f) = f**3 - f**2 - 4*f + 4. Let p be i(3). Let c = p - 13. Let g be (-8)/c*(-360)/(-32). What is the greatest common divisor of 30 and g?
30
Let a be 53/212*(483 - -1). Calculate the highest common factor of a and 143.
11
Let y(l) = 7*l - 3*l**3 + 2 - 6*l**2 + 2*l**3 + 0. Let v be y(-7). What is the greatest common divisor of v and 3?
1
Let u = 18 + -13. Let n = -70 - -70. Let t = u + n. What is the highest common factor of 25 and t?
5
Let a be (-16)/(-6) + (-20)/(-15). Let t be (a - 110/15)*9/(-6). Let l = -33 - -58. What is the highest common factor of l and t?
5
Suppose 0*q + q = 25. Suppose 4*k + 26 = 2*x - 188, -q = -5*k. Let n = 13499 - 13421. Calculate the highest common divisor of x and n.
39
Let s(r) = -5*r - 55. Let m be s(-24). Calculate the highest common divisor of m and 91.
13
Suppose 2*l + 26 = -4*h, 3*h + 39 = -3*l + 12. Let m be ((-3)/l)/(5*5/500). What is the greatest common factor of m and 12?
12
Let w(h) = 7*h - 104. Let c be w(19). Let k = -4 + 7. Suppose 2*s - 6 = -k*f, 4*s - c = f + 11. What is the highest common factor of s and 81?
9
Suppose 0 = -5*q - 5 - 5. Let w(g) = -55*g - 6. Let n be w(q). What is the highest common factor of n and 13?
13
Let a = 515 + -504. Calculate the highest common factor of 352 and a.
11
Let x(c) = c**3 + 17*c**2 - 3*c - 11. Let t be x(-17). Let h(n) = 4*n - 2*n - 2 + 5*n**2 - n. Let r be h(-2). Calculate the highest common divisor of t and r.
8
Let k(a) be the second derivative of -a**5/20 + a**4/3 + 2*a**2 + 2*a. Let p be k(4). Let d be 1*5*36/15. What is the highest common factor of p and d?
4
Suppose 106 = 15*l + 31. Suppose -5*x + 223 = -2*h, -2*x = 2*h - 5*h - 87. What is the highest common factor of x and l?
5
Let j(x) = x**3 + 8*x**2 - 2*x - 8. Let z be j(-8). What is the greatest common divisor of z and 94?
2
Suppose 10*v = -55*v + 39715. Calculate the highest common factor of v and 188.
47
Let t be (6/5)/((-36)/(-300)). Suppose d + 2*m - 11 = 0, 2*d = -m + 5 + 11. Suppose -d*p = -2*p - t. What is the highest common divisor of 16 and p?
2
Let u be 82 - (1 - 5 - -2). Suppose -4*g + 5*w + 116 = 0, 0*w + 68 = 3*g + w. What is the highest common factor of g and u?
12
Suppose -4*w + 908 = -0*g + 4*g, 482 = 2*g - 5*w. Calculate the highest common factor of g and 22.
11
Let p = 294 + 542. Calculate the highest common factor of 304 and p.
76
Suppose 21*n - 66 = 20*n. What is the greatest common divisor of n and 176?
22
Suppose 41*g - 51344 = -15879. What is the highest common divisor of 5 and g?
5
Let z = 206 - 130. Calculate the greatest common factor of 95 and z.
19
Let l = -1381 + 1414. Calculate the greatest common factor of l and 231.
33
Suppose 0 = 7*h + 17*h - 1002 - 678. Let l be ((-28)/10)/(2/(-10)). What is the highest common factor of h and l?
14
Let i = -50 - -32. Suppose a + 3*y = 104, 2*a + a - y = 282. Let l = a + i. Calculate the highest common factor of l and 11.
11
Let o = 62 - 56. Let t = o - -18. Calculate the greatest common factor of 6 and t.
6
Let k = 1598 - 1532. Calculate the greatest common divisor of 352 and k.
22
Suppose -52985 = 106*q - 177535. What is the highest common factor of q and 75?
25
Suppose s = -2 + 6. Let w be (48/18)/(s/6). Let r(h) = h**3 - 8*h**2 - 5*h - 16. Let p be r(9). Calculate the greatest common divisor of w and p.
4
Suppose -5*o + 102 + 13 = 0. Let b = 25 - o. Suppose 3*p - 15 = 0, 3*l - l - b*p = 368. What is the highest common factor of 27 and l?
27
Let g = 34 - 23. Suppose 5*t - 849 + 409 = 0. What is the highest common factor of t and g?
11
Let i be -2 + 168/18*57. Calculate the greatest common divisor of 106 and i.
106
Let b = -675 + 691. What is the greatest common factor of 344 and b?
8
Let a be (-6)/8 + 221/(-68) + 25. Let u(f) = -f + 7. Let d(w) = w**2 + 3*w - 4. Let c be d(-4). Let g be u(c). What is the highest common factor of a and g?
7
Let t(o) = 2*o - 6. Let d be t(14). Let m(v) = -1 + v**2 + 9*v**2 + 13*v - 5 - 2*v. Let s be m(4). What is the greatest common factor of d and s?
22
Suppose -31 = -z + 4*p + 425, 0 = 4*z - 2*p - 1866. What is the greatest common factor of z and 24?
12
Suppose 0 = 5*i - 4 + 24. Let l = 3 - i. Suppose 5*x + 120 = l*x. Calculate the greatest common divisor of x and 15.
15
Suppose -2*h = 6*h - 2272. Suppose h + 416 = 4*i. Calculate the greatest common factor of i and 70.
35
Suppose 4*r - 73 = 27. Suppose -3*c + p = 5*p + 5, 0 = -5*c - p + 20. Let k be 665/r - (-2)/c. What is the greatest common divisor of 189 and k?
27
Suppose -4*v = -19*v + 525. Let g be (3 - 0) + 0 + 4. Calculate the greatest common factor of g and v.
7
Suppose -4*a + 5*a - 11 = -4*p, -72 = -4*a - 2*p. Let u(q) = q**2 - q + 95. Let c be u(0). Calculate the highest common divisor of c and a.
19
Let o be ((-12)/(-15))/((-2)/(-110)). Let a = -130 + 482. Calculate the greatest common factor of o and a.
44
Let j be (1 - 0) + -2 - -4. Let c(k) = k - 1. Let h be c(j). Let m(p) = -p**3 - 4*p**2 - p - 2. Let a be m(-4). What is the highest common divisor of h and a?
2
Suppose -5*u - 3 = -2*u + 5*o, 3*o = -4*u - 4. Let p(h) = -15*h + 1. Let w be p(u). Suppose m + 16 = 5*m. What is the highest common divisor of w and m?
4
Let k(d) = 26*d - 183. Let p be k(8). What is the highest common divisor of p and 1?
1
Let t(m) = m**2 - 11*m + 9. Let k be t(10). Let p be k/(((-3)/102)/1). Suppose -3*f = -206 - p. What is the greatest common factor of f and 10?
10
Suppose -191 = -2*j + 5. Let f = -264 - -278. Calculate the greatest common factor of f and j.
14
Suppose -t + 0*t + 102 = 0. What is the greatest common divisor of t and 6?
6
Let x(w) = -9*w + 140. Let j be x(8). Calculate the highest common divisor of 8 and j.
4
Suppose 10*z - 13*z = -225. Let u = -19 + 20. Let m(r) = 29*r**3 + r. Let j be m(u). What is the greatest common divisor of j and z?
15
Suppose 2*t - q = 83, -16 = 3*t - 5*q - 151. What is the highest common factor of 60 and t?
20
Suppose 4*u + 3*b + 8 - 28 = 0, -16 = -4*b. Suppose -5 = -i - 5*r - 2, -5*i + 41 = -r. Calculate the highest common divisor of u and i.
2
Suppose -10 = -l + 2*p - 3, 0 = 2*l + 3*p - 28. Calculate the greatest common factor of 187 and l.
11
Suppose 115 = 3*h - p - 644, -253 = -h + p. Suppose 3 = 4*t - 4*m - 17, -5*t + 3*m = -35. Let y = 33 - t. Calculate the greatest common factor of y and h.
23
Let r be 3*(-8 - (1 - 0)). Let o be 7/(-3*3/r). What is the highest common factor of 105 and o?
21
Suppose 126 = 11*t + 3*t. Let p = 3 - 6. Let i = p + 4. Calculate the highest common divisor of t and i.
1
Suppose -q - 2*x = -47, 3*q - 4*x + 21 = 152. Let m(b) = b**3 - 4*b**2 + 5*b - 2. Let k be m(4). What is the greatest common divisor of q and k?
9
Let s be 6/16*68*4. What is the greatest common factor of 9 and s?
3
Let i = 107 - 69. Let r = i + -10. Suppose -5*z - 3 = -r. Calculate the greatest common divisor of 20 and z.
5
Suppose 20*z - 24*z = -320. Suppose 4*d - 98 = 3*q + 24, -2*d = -2*q - 60. What is the highest common factor of d and z?
16
Suppose -67 = 3*d - 418. Suppose -3*m + d = c, -2*c + 15 = m - 19. What is the highest common divisor of m and 16?
8
Let w be -1 - ((-4870)/20)/(1/2). What is the highest common factor of 72 and w?
18
Let v(x) = -x**2 - 2*x + 3. Let p be v(-2). Suppose -p*w = 3*w - 84. What is the highest common divisor of w and 70?
14
Let o = 343 + -208. Suppose -2*r = -2*s, 5*s = 2*r + r. Let y be 3*(3*6 + r). Calculate the greatest common divisor of y and o.
27
Let w(c) = 6*c - 4. Let s be w(3). Let b = -70 - -91. What is the greatest common divisor of s and b?
7
Let b(w) = w**3 - 16*w**2 + 24*w - 21. Let z be b(16). What is the highest common divisor of z and 22?
11
Suppose 7*t - 4*t = 24. Suppose -4*o - o = 3*y - 19, -o = 2*y - t. Suppose 5*a - 18 = y*a. What is the highest common factor of 9 and a?
9
Let z(j) = -5 - 28*j + 20*j + 2 - 9. Let u be z(-6). What is the greatest common divisor of u and 27?
9
Let n(p) = 57*p - 636. Let u be n(20). Calculate the greatest common factor of 126 and u.
126